{"id":157,"date":"2024-09-18T17:28:31","date_gmt":"2024-09-18T16:28:31","guid":{"rendered":"https:\/\/dnpsykologi.dk\/?page_id=157"},"modified":"2024-09-18T18:36:24","modified_gmt":"2024-09-18T17:36:24","slug":"om-mig","status":"publish","type":"page","link":"https:\/\/dnpsykologi.dk\/?page_id=157","title":{"rendered":"Om mig"},"content":{"rendered":"\n<h3 class=\"wp-block-heading\">Uddannelsesbaggrund og Autorisation<\/h3>\n\n\n\n<p>Jeg er uddannet psykolog og har en kandidatgrad (cand.psych.) fra K\u00f8benhavns Universitet (2002). Jeg er autoriseret af Psykologn\u00e6vnet, er specialist i Klinisk Psykologi og supervision, anerkendt af Dansk Psykolog Forening.<\/p>\n\n\n\n<h3 class=\"wp-block-heading\">Erfaring <\/h3>\n\n\n\n<p>Jeg har de sidste 20 \u00e5r arbejdet som klinisk psykolog i det danske offentlige system inden for psykiatriomr\u00e5det og i privat praksis og har stor erfaring med at udrede og behandle voksne med psykiske problemer.<\/p>\n\n\n\n<p>Solid erfaring indenfor besk\u00e6ftigelsesomr\u00e5de og forskning i Tilbage Til Arbejde interventioner overfor mennesker med lettere psykiske lidelser og stress.<\/p>\n\n\n\n<h3 class=\"wp-block-heading\">Samarbejde med Det Offentlige Sundhedssystem<\/h3>\n\n\n\n<p>Siden 2022 har jeg en aftale med det danske offentlige sundhedssystem, hvilket betyder, at jeg modtager henvisninger fra praktiserende l\u00e6ger (Offentlig Sygesikring), hvor Staten betaler en del af udgifterne til konsultationerne.<\/p>\n\n\n\n<h3 class=\"wp-block-heading\">Behandlingsmetoder og Tilgang<\/h3>\n\n\n\n<p>Mit arbejde tager udgangspunkt i et humanistisk menneskesyn, og den prim\u00e6re behandling anvender 3. b\u00f8lge kognitiv adf\u00e6rdspsykoterapi (CBT), som best\u00e5r af nye interventioner som Schema Therapy, Acceptance and Commitment Therapy (ACT), Metakognitiv terapi MCT) og Mindfulness. <\/p>\n\n\n\n<p><\/p>\n\n\n\n<h3 class=\"wp-block-heading\">Kompetenceomr\u00e5der og Speciale<\/h3>\n\n\n\n<p>Mine prim\u00e6re kompetenceomr\u00e5der inden for psykoterapi omfatter angst, depression, kriser, stress, traumer og personlighedsforstyrrelser. Jeg hj\u00e6lper ogs\u00e5 ved problemer i arbejdsliv eller privatliv samt ved traumatiske oplevelser og kriser.<\/p>\n\n\n\n<p>Har ogs\u00e5 erfaring i diagnostisk vurdering, som kan v\u00e6re n\u00f8dvendigt for at kunne hj\u00e6lpe bedst muligt med dine udfordringer.<\/p>\n\n\n\n<h3 class=\"wp-block-heading\">Faglig Udvikling og Supervision<\/h3>\n\n\n\n<p>Jeg er ogs\u00e5 uddannet supervisor med en v\u00e6sentlig erfaring og interesse indenfor kompetenceudvikling &#8211; supervison og uddannelse.<\/p>\n\n\n\n<div class=\"wp-block-columns is-layout-flex wp-container-core-columns-is-layout-28f84493 wp-block-columns-is-layout-flex\">\n<div class=\"wp-block-column is-layout-flow wp-block-column-is-layout-flow\" style=\"flex-basis:100%\">\n<div class=\"wp-block-group is-vertical is-layout-flex wp-container-core-group-is-layout-fe9cc265 wp-block-group-is-layout-flex\">\n<div class=\"wp-block-columns is-layout-flex wp-container-core-columns-is-layout-28f84493 wp-block-columns-is-layout-flex\">\n<div class=\"wp-block-column is-layout-flow wp-block-column-is-layout-flow\" style=\"flex-basis:100%\">\n<figure class=\"wp-block-gallery has-nested-images columns-default is-cropped wp-block-gallery-1 is-layout-flex wp-block-gallery-is-layout-flex\">\n<figure class=\"wp-block-image size-large\"><img loading=\"lazy\" decoding=\"async\" width=\"683\" height=\"1024\" data-id=\"189\" src=\"https:\/\/dnpsykologi.dk\/wp-content\/uploads\/2024\/09\/image0.jpeg.jpeg\" alt=\"\" class=\"wp-image-189\" srcset=\"https:\/\/dnpsykologi.dk\/wp-content\/uploads\/2024\/09\/image0.jpeg.jpeg 683w, https:\/\/dnpsykologi.dk\/wp-content\/uploads\/2024\/09\/image0.jpeg-200x300.jpeg 200w\" sizes=\"auto, (max-width: 683px) 100vw, 683px\" \/><\/figure>\n<\/figure>\n<\/div>\n<\/div>\n<\/div>\n<\/div>\n<\/div>\n","protected":false},"excerpt":{"rendered":"<p>Uddannelsesbaggrund og Autorisation Jeg er uddannet psykolog og har en kandidatgrad (cand.psych.) fra K\u00f8benhavns Universitet (2002). Jeg er autoriseret af Psykologn\u00e6vnet, er specialist i Klinisk Psykologi og supervision, anerkendt af Dansk Psykolog Forening. Erfaring Jeg har de sidste 20 \u00e5r arbejdet som klinisk psykolog i det danske offentlige system inden for psykiatriomr\u00e5det og i privat &hellip; <\/p>\n<p class=\"link-more\"><a href=\"https:\/\/dnpsykologi.dk\/?page_id=157\" class=\"more-link\">L\u00e6s mere<span class=\"screen-reader-text\"> \u201cOm mig\u201d<\/span><\/a><\/p>\n","protected":false},"author":1,"featured_media":0,"parent":0,"menu_order":0,"comment_status":"closed","ping_status":"closed","template":"","meta":{"inspiro_hide_title":false,"footnotes":""},"class_list":["post-157","page","type-page","status-publish","hentry"],"_links":{"self":[{"href":"https:\/\/dnpsykologi.dk\/index.php?rest_route=\/wp\/v2\/pages\/157","targetHints":{"allow":["GET"]}}],"collection":[{"href":"https:\/\/dnpsykologi.dk\/index.php?rest_route=\/wp\/v2\/pages"}],"about":[{"href":"https:\/\/dnpsykologi.dk\/index.php?rest_route=\/wp\/v2\/types\/page"}],"author":[{"embeddable":true,"href":"https:\/\/dnpsykologi.dk\/index.php?rest_route=\/wp\/v2\/users\/1"}],"replies":[{"embeddable":true,"href":"https:\/\/dnpsykologi.dk\/index.php?rest_route=%2Fwp%2Fv2%2Fcomments&post=157"}],"version-history":[{"count":8,"href":"https:\/\/dnpsykologi.dk\/index.php?rest_route=\/wp\/v2\/pages\/157\/revisions"}],"predecessor-version":[{"id":191,"href":"https:\/\/dnpsykologi.dk\/index.php?rest_route=\/wp\/v2\/pages\/157\/revisions\/191"}],"wp:attachment":[{"href":"https:\/\/dnpsykologi.dk\/index.php?rest_route=%2Fwp%2Fv2%2Fmedia&parent=157"}],"curies":[{"name":"wp","href":"https:\/\/api.w.org\/{rel}","templated":true}]}}

<h3 class="wp-block-heading">Uddannelsesbaggrund og Autorisation</h3>



<p>Jeg er uddannet psykolog og har en kandidatgrad (cand.psych.) fra Københavns Universitet (2002). Jeg er autoriseret af Psykolognævnet, er specialist i Klinisk Psykologi og supervision, anerkendt af Dansk Psykolog Forening.</p>



<h3 class="wp-block-heading">Erfaring </h3>



<p>Jeg har de sidste 20 år arbejdet som klinisk psykolog i det danske offentlige system inden for psykiatriområdet og i privat praksis og har stor erfaring med at udrede og behandle voksne med psykiske problemer.</p>



<p>Solid erfaring indenfor beskæftigelsesområde og forskning i Tilbage Til Arbejde interventioner overfor mennesker med lettere psykiske lidelser og stress.</p>



<h3 class="wp-block-heading">Samarbejde med Det Offentlige Sundhedssystem</h3>



<p>Siden 2022 har jeg en aftale med det danske offentlige sundhedssystem, hvilket betyder, at jeg modtager henvisninger fra praktiserende læger (Offentlig Sygesikring), hvor Staten betaler en del af udgifterne til konsultationerne.</p>



<h3 class="wp-block-heading">Behandlingsmetoder og Tilgang</h3>



<p>Mit arbejde tager udgangspunkt i et humanistisk menneskesyn, og den primære behandling anvender 3. bølge kognitiv adfærdspsykoterapi (CBT), som består af nye interventioner som Schema Therapy, Acceptance and Commitment Therapy (ACT), Metakognitiv terapi MCT) og Mindfulness. </p>



<p></p>



<h3 class="wp-block-heading">Kompetenceområder og Speciale</h3>



<p>Mine primære kompetenceområder inden for psykoterapi omfatter angst, depression, kriser, stress, traumer og personlighedsforstyrrelser. Jeg hjælper også ved problemer i arbejdsliv eller privatliv samt ved traumatiske oplevelser og kriser.</p>



<p>Har også erfaring i diagnostisk vurdering, som kan være nødvendigt for at kunne hjælpe bedst muligt med dine udfordringer.</p>



<h3 class="wp-block-heading">Faglig Udvikling og Supervision</h3>



<p>Jeg er også uddannet supervisor med en væsentlig erfaring og interesse indenfor kompetenceudvikling &#8211; supervison og uddannelse.</p>



<div class="wp-block-columns is-layout-flex wp-container-core-columns-is-layout-28f84493 wp-block-columns-is-layout-flex">
<div class="wp-block-column is-layout-flow wp-block-column-is-layout-flow" style="flex-basis:100%">
<div class="wp-block-group is-vertical is-layout-flex wp-container-core-group-is-layout-fe9cc265 wp-block-group-is-layout-flex">
<div class="wp-block-columns is-layout-flex wp-container-core-columns-is-layout-28f84493 wp-block-columns-is-layout-flex">
<div class="wp-block-column is-layout-flow wp-block-column-is-layout-flow" style="flex-basis:100%">
<figure class="wp-block-gallery has-nested-images columns-default is-cropped wp-block-gallery-1 is-layout-flex wp-block-gallery-is-layout-flex">
<figure class="wp-block-image size-large"><img loading="lazy" decoding="async" width="683" height="1024" data-id="189" src="https://dnpsykologi.dk/wp-content/uploads/2024/09/image0.jpeg.jpeg" alt="" class="wp-image-189" srcset="https://dnpsykologi.dk/wp-content/uploads/2024/09/image0.jpeg.jpeg 683w, https://dnpsykologi.dk/wp-content/uploads/2024/09/image0.jpeg-200x300.jpeg 200w" sizes="auto, (max-width: 683px) 100vw, 683px" /></figure>
</figure>
</div>
</div>
</div>
</div>
</div>

<p>Uddannelsesbaggrund og Autorisation Jeg er uddannet psykolog og har en kandidatgrad (cand.psych.) fra Københavns Universitet (2002). Jeg er autoriseret af Psykolognævnet, er specialist i Klinisk Psykologi og supervision, anerkendt af Dansk Psykolog Forening. Erfaring Jeg har de sidste 20 år arbejdet som klinisk psykolog i det danske offentlige system inden for psykiatriområdet og i privat &hellip; </p>
<p class="link-more"><a href="https://dnpsykologi.dk/?page_id=157" class="more-link">Læs mere<span class="screen-reader-text"> “Om mig”</span></a></p>
